{"id":7,"date":"2025-08-15T17:11:17","date_gmt":"2025-08-15T14:11:17","guid":{"rendered":"https:\/\/didimmetalalimi.com\/?page_id=7"},"modified":"2025-09-20T18:59:52","modified_gmt":"2025-09-20T15:59:52","slug":"ana-sayfa","status":"publish","type":"page","link":"https:\/\/didimmetalalimi.com\/","title":{"rendered":"Didim Metal Al\u0131m\u0131"},"content":{"rendered":"\n<div class=\"wp-block-cover alignfull\" style=\"min-height:720px;aspect-ratio:unset;\"><img loading=\"lazy\" decoding=\"async\" width=\"500\" height=\"500\" class=\"wp-block-cover__image-background wp-image-54 size-full\" alt=\"\" src=\"https:\/\/didimmetalalimi.com\/wp-content\/uploads\/2025\/09\/didim23.png\" style=\"object-position:77% 54%\" data-object-fit=\"cover\" data-object-position=\"77% 54%\" srcset=\"https:\/\/didimmetalalimi.com\/wp-content\/uploads\/2025\/09\/didim23.png 500w, https:\/\/didimmetalalimi.com\/wp-content\/uploads\/2025\/09\/didim23-300x300.png 300w, https:\/\/didimmetalalimi.com\/wp-content\/uploads\/2025\/09\/didim23-150x150.png 150w\" sizes=\"auto, (max-width: 500px) 100vw, 500px\" \/><span aria-hidden=\"true\" class=\"wp-block-cover__background has-background-dim-0 has-background-dim has-background-gradient\" style=\"background-color:#577685;background:linear-gradient(35deg,rgb(6,0,151) 0%,rgb(130,4,255) 73%,rgb(193,15,255) 100%)\"><\/span><div class=\"wp-block-cover__inner-container is-layout-flow wp-block-cover-is-layout-flow\">\n<div class=\"wp-block-buttons is-layout-flex wp-block-buttons-is-layout-flex\">\n<div class=\"wp-block-button\"><a class=\"wp-block-button__link has-ast-global-color-5-color has-text-color has-background has-link-color wp-element-button\" href=\"tel:05354713217\" style=\"background-color:#1c1c1c\">0535 471 32 17<\/a><\/div>\n<\/div>\n\n\n\n<h1 class=\"wp-block-heading has-text-align-left has-white-color has-text-color has-x-large-font-size\">Didim Metal Al\u0131m\u0131<\/h1>\n\n\n\n<p class=\"has-white-color has-text-color has-ast-global-color-5-color has-link-color has-large-font-size wp-elements-e1a5df50766620970b2e97eddb288710\">Fabrikalar\u0131n\u0131zdaki hurdalar\u0131 ara\u00e7lar\u0131m\u0131zla al\u0131yoruz<\/p>\n\n\n\n<div class=\"wp-block-buttons is-layout-flex wp-block-buttons-is-layout-flex\">\n<div class=\"wp-block-button\"><a class=\"wp-block-button__link has-ast-global-color-5-color has-text-color has-background has-link-color wp-element-button\" href=\"tel:05354713217\" style=\"background-color:#1c1c1c\">0535 471 32 17<\/a><\/div>\n<\/div>\n<\/div><\/div>\n\n\n\n<div class=\"wp-block-group alignfull has-ast-global-color-5-background-color has-background is-layout-constrained wp-container-core-group-is-layout-9cedb757 wp-block-group-is-layout-constrained\" style=\"padding-bottom:0px\">\n<div class=\"wp-block-columns is-layout-flex wp-container-core-columns-is-layout-28f84493 wp-block-columns-is-layout-flex\">\n<div class=\"wp-block-column is-layout-flow wp-block-column-is-layout-flow\">\n<figure class=\"wp-block-gallery has-nested-images columns-default is-cropped wp-block-gallery-1 is-layout-flex wp-block-gallery-is-layout-flex\">\n<figure class=\"wp-block-image size-large\"><img loading=\"lazy\" decoding=\"async\" width=\"1024\" height=\"771\" data-id=\"34\" src=\"https:\/\/didimmetalalimi.com\/wp-content\/uploads\/2025\/08\/didimhr-1024x771.jpg\" alt=\"\" class=\"wp-image-34\" srcset=\"https:\/\/didimmetalalimi.com\/wp-content\/uploads\/2025\/08\/didimhr-1024x771.jpg 1024w, https:\/\/didimmetalalimi.com\/wp-content\/uploads\/2025\/08\/didimhr-300x226.jpg 300w, https:\/\/didimmetalalimi.com\/wp-content\/uploads\/2025\/08\/didimhr-768x578.jpg 768w, https:\/\/didimmetalalimi.com\/wp-content\/uploads\/2025\/08\/didimhr-1536x1157.jpg 1536w, https:\/\/didimmetalalimi.com\/wp-content\/uploads\/2025\/08\/didimhr.jpg 2040w\" sizes=\"auto, (max-width: 1024px) 100vw, 1024px\" \/><\/figure>\n<\/figure>\n<\/div>\n\n\n\n<div class=\"wp-block-column is-layout-flow wp-block-column-is-layout-flow\">\n<p><strong><mark style=\"background-color:rgba(0, 0, 0, 0)\" class=\"has-inline-color has-ast-global-color-8-color\">Didim Metal Al\u0131m\u0131 olarak, geri d\u00f6n\u00fc\u015f\u00fcm sekt\u00f6r\u00fcnde uzun y\u0131llard\u0131r g\u00fcvenilir hizmet sunuyoruz. Didim ve \u00e7evresindeki t\u00fcm b\u00f6lgelerde her t\u00fcrl\u00fc metal hurday\u0131 de\u011ferinde sat\u0131n al\u0131yor, \u00e7evreye ve ekonomiye katk\u0131 sa\u011fl\u0131yoruz.<\/mark><\/strong><\/p>\n\n\n\n<p><strong><em><mark style=\"background-color:rgba(0, 0, 0, 0)\" class=\"has-inline-color has-ast-global-color-8-color\">Al\u0131m\u0131n\u0131 yapt\u0131\u011f\u0131m\u0131z ba\u015fl\u0131ca hurdalar:<\/mark><\/em><\/strong><\/p>\n\n\n\n<ul class=\"wp-block-list\">\n<li><strong><mark style=\"background-color:rgba(0, 0, 0, 0)\" class=\"has-inline-color has-ast-global-color-8-color\">Demir hurda<\/mark><\/strong><\/li>\n\n\n\n<li><strong><mark style=\"background-color:rgba(0, 0, 0, 0)\" class=\"has-inline-color has-ast-global-color-8-color\">Bak\u0131r hurda<\/mark><\/strong><\/li>\n\n\n\n<li><strong><mark style=\"background-color:rgba(0, 0, 0, 0)\" class=\"has-inline-color has-ast-global-color-8-color\">Al\u00fcminyum hurda<\/mark><\/strong><\/li>\n\n\n\n<li><mark style=\"background-color:rgba(0, 0, 0, 0);color:#000000\" class=\"has-inline-color\"><strong>Pirin\u00e7 hurda<\/strong><\/mark><\/li>\n\n\n\n<li><mark style=\"background-color:rgba(0, 0, 0, 0)\" class=\"has-inline-color has-ast-global-color-8-color\"><strong>Kablo ve elektronik hurda<\/strong><\/mark><\/li>\n\n\n\n<li><strong><mark style=\"background-color:rgba(0, 0, 0, 0)\" class=\"has-inline-color has-ast-global-color-8-color\">Paslanmaz \u00e7elik hurda<\/mark><\/strong><\/li>\n<\/ul>\n\n\n\n<p><strong><mark style=\"background-color:rgba(0, 0, 0, 0)\" class=\"has-inline-color has-ast-global-color-8-color\">M\u00fc\u015fterilerimize h\u0131zl\u0131, g\u00fcvenilir ve nakit \u00f6deme prensibiyle hizmet veriyoruz. Hurda al\u0131m\u0131nda fiyatlar\u0131m\u0131z\u0131 g\u00fcnl\u00fck piyasa de\u011ferlerine g\u00f6re belirliyor, en iyi teklifi sunmaya \u00f6zen g\u00f6steriyoruz.<\/mark><\/strong><\/p>\n<\/div>\n<\/div>\n<\/div>\n\n\n\n<div class=\"wp-block-group alignfull is-layout-constrained wp-container-core-group-is-layout-28fc265a wp-block-group-is-layout-constrained\" id=\"services\" style=\"padding-top:144px;padding-bottom:0px\">\n<h2 class=\"wp-block-heading\"><strong><em>Hizmet<\/em><\/strong>   B\u00f6lgelerimiz<\/h2>\n\n\n\n<div class=\"wp-block-columns is-layout-flex wp-container-core-columns-is-layout-60cbf9bb wp-block-columns-is-layout-flex\" style=\"margin-top:50px\">\n<div class=\"wp-block-column is-layout-flow wp-container-core-column-is-layout-6b73ce23 wp-block-column-is-layout-flow\">\n<h3 class=\"wp-block-heading\" style=\"margin-top:16px\">Germencik Hurdac\u0131<\/h3>\n\n\n\n<p><mark style=\"background-color:rgba(0, 0, 0, 0)\" class=\"has-inline-color has-ast-global-color-8-color\">Germencik&#8217;teki metal hurdalar\u0131n\u0131z\u0131;&nbsp;Krom, bak\u0131r, demir, paslanmaz, elektronik, sar\u0131, al\u00fcminyum, kablo, beyaz e\u015fya, kompozit, \u00e7inko ve ak\u00fc hurdalar\u0131n\u0131z\u0131 en iyi fiyat\u0131 vererek de\u011ferinde al\u0131yoruz.<\/mark><\/p>\n<\/div>\n\n\n\n<div class=\"wp-block-column is-layout-flow wp-container-core-column-is-layout-6b73ce23 wp-block-column-is-layout-flow\">\n<h3 class=\"wp-block-heading\" style=\"margin-top:16px\">Ku\u015fadas\u0131 Hurdac\u0131<\/h3>\n\n\n\n<p><mark style=\"background-color:rgba(0, 0, 0, 0)\" class=\"has-inline-color has-ast-global-color-8-color\">Ku\u015fadas\u0131&#8217;daki metal hurdalar\u0131n\u0131z\u0131;&nbsp;Krom, bak\u0131r, demir, paslanmaz, elektronik, sar\u0131, al\u00fcminyum, kablo, beyaz e\u015fya, kompozit, \u00e7inko ve ak\u00fc hurdalar\u0131n\u0131z\u0131 en iyi fiyat\u0131 vererek de\u011ferinde al\u0131yoruz.<\/mark><\/p>\n<\/div>\n\n\n\n<div class=\"wp-block-column is-layout-flow wp-container-core-column-is-layout-6b73ce23 wp-block-column-is-layout-flow\">\n<h3 class=\"wp-block-heading\" style=\"margin-top:16px\">Didim Hurdac\u0131<\/h3>\n\n\n\n<p><mark style=\"background-color:rgba(0, 0, 0, 0)\" class=\"has-inline-color has-ast-global-color-8-color\">Didim&#8217;deki metal hurdalar\u0131n\u0131z\u0131;&nbsp;Krom, bak\u0131r, demir, paslanmaz, elektronik, sar\u0131, al\u00fcminyum, kablo, beyaz e\u015fya, kompozit, \u00e7inko ve ak\u00fc hurdalar\u0131n\u0131z\u0131 en iyi fiyat\u0131 vererek de\u011ferinde al\u0131yoruz.<\/mark><\/p>\n<\/div>\n<\/div>\n\n\n\n<h2 class=\"wp-block-heading\"><\/h2>\n\n\n\n<div class=\"wp-block-columns is-layout-flex wp-container-core-columns-is-layout-60cbf9bb wp-block-columns-is-layout-flex\" style=\"margin-top:50px\">\n<div class=\"wp-block-column is-layout-flow wp-container-core-column-is-layout-6b73ce23 wp-block-column-is-layout-flow\">\n<h3 class=\"wp-block-heading\" style=\"margin-top:16px\">Nazilli Hurdac\u0131<\/h3>\n\n\n\n<p><mark style=\"background-color:rgba(0, 0, 0, 0)\" class=\"has-inline-color has-ast-global-color-8-color\">Nazilli&#8217;deki metal hurdalar\u0131n\u0131z\u0131;&nbsp;Krom, bak\u0131r, demir, paslanmaz, elektronik, sar\u0131, al\u00fcminyum, kablo, beyaz e\u015fya, kompozit, \u00e7inko ve ak\u00fc hurdalar\u0131n\u0131z\u0131 en iyi fiyat\u0131 vererek de\u011ferinde al\u0131yoruz.<\/mark><\/p>\n<\/div>\n\n\n\n<div class=\"wp-block-column is-layout-flow wp-container-core-column-is-layout-6b73ce23 wp-block-column-is-layout-flow\">\n<h3 class=\"wp-block-heading\" style=\"margin-top:16px\">Ortaklar Hurdac\u0131<\/h3>\n\n\n\n<p><mark style=\"background-color:rgba(0, 0, 0, 0)\" class=\"has-inline-color has-ast-global-color-8-color\">Ortaklar&#8217;daki metal hurdalar\u0131n\u0131z\u0131;&nbsp;Krom, bak\u0131r, demir, paslanmaz, elektronik, sar\u0131, al\u00fcminyum, kablo, beyaz e\u015fya, kompozit, \u00e7inko ve ak\u00fc hurdalar\u0131n\u0131z\u0131 en iyi fiyat\u0131 vererek de\u011ferinde al\u0131yoruz.<\/mark><\/p>\n<\/div>\n\n\n\n<div class=\"wp-block-column is-layout-flow wp-container-core-column-is-layout-6b73ce23 wp-block-column-is-layout-flow\">\n<h3 class=\"wp-block-heading\" style=\"margin-top:16px\">S\u00f6ke Hurdac\u0131<\/h3>\n\n\n\n<p><mark style=\"background-color:rgba(0, 0, 0, 0)\" class=\"has-inline-color has-ast-global-color-8-color\">S\u00f6ke&#8217;deki metal hurdalar\u0131n\u0131z\u0131;&nbsp;Krom, bak\u0131r, demir, paslanmaz, elektronik, sar\u0131, al\u00fcminyum, kablo, beyaz e\u015fya, kompozit, \u00e7inko ve ak\u00fc hurdalar\u0131n\u0131z\u0131 en iyi fiyat\u0131 vererek de\u011ferinde al\u0131yoruz.<\/mark><\/p>\n<\/div>\n<\/div>\n<\/div>\n\n\n\n<p class=\"has-ast-global-color-8-color has-text-color has-link-color wp-elements-1574bf2cb1e738efdff8a7dd8f65be03\" style=\"margin-top:0;margin-right:0;margin-bottom:0;margin-left:0;padding-top:var(--wp--preset--spacing--30);padding-right:0;padding-bottom:var(--wp--preset--spacing--30);padding-left:0;font-size:41px\"><strong>Hurdalar\u0131n\u0131z\u0131 En \u0130yi Fiyattan Almam\u0131z \u0130\u00e7in Bizi Hemen Aray\u0131n.<\/strong><\/p>\n\n\n\n<div class=\"wp-block-group alignfull has-ast-global-color-5-background-color has-background is-layout-constrained wp-container-core-group-is-layout-94d206d0 wp-block-group-is-layout-constrained\" id=\"about\" style=\"padding-top:143px;padding-bottom:144px\">\n<div class=\"wp-block-media-text has-media-on-the-right is-stacked-on-mobile is-vertically-aligned-center\" style=\"grid-template-columns:auto 51%\"><div class=\"wp-block-media-text__content\">\n<div class=\"inherit-container-width wp-block-group is-layout-constrained wp-container-core-group-is-layout-47ce07ec wp-block-group-is-layout-constrained\" style=\"padding-right:80px\">\n<h2 class=\"wp-block-heading has-medium-font-size\" style=\"padding-right:40px\"><strong>Neden bizi tercih etmelisiniz?<\/strong><\/h2>\n\n\n\n<p><mark style=\"background-color:rgba(0, 0, 0, 0)\" class=\"has-inline-color has-ast-global-color-8-color\">Hurda satmak istedi\u011finizde tek yapman\u0131z gereken bize ula\u015fmak. Ekibimiz en k\u0131sa s\u00fcrede adresinize gelir, hurdalar\u0131n\u0131z\u0131 de\u011ferinde al\u0131r ve \u00f6demeyi an\u0131nda ger\u00e7ekle\u015ftirir<\/mark>.<\/p>\n\n\n\n<p><mark style=\"background-color:rgba(0, 0, 0, 0)\" class=\"has-inline-color has-ast-global-color-8-color\"><strong>\ud83d\udcde Detayl\u0131 bilgi ve \u00fccretsiz fiyat teklifi i\u00e7in bizimle ileti\u015fime ge\u00e7in<\/strong><\/mark><\/p>\n<\/div>\n<\/div><figure class=\"wp-block-media-text__media\"><img loading=\"lazy\" decoding=\"async\" width=\"720\" height=\"325\" src=\"https:\/\/didimmetalalimi.com\/wp-content\/uploads\/2025\/08\/hurda3.jpg\" alt=\"\" class=\"wp-image-46 size-full\" srcset=\"https:\/\/didimmetalalimi.com\/wp-content\/uploads\/2025\/08\/hurda3.jpg 720w, https:\/\/didimmetalalimi.com\/wp-content\/uploads\/2025\/08\/hurda3-300x135.jpg 300w\" sizes=\"auto, (max-width: 720px) 100vw, 720px\" \/><\/figure><\/div>\n<\/div>\n\n\n\n<div class=\"wp-block-group alignfull has-pale-ocean-gradient-background has-background is-layout-constrained wp-container-core-group-is-layout-cfcca693 wp-block-group-is-layout-constrained\" id=\"contact\" style=\"padding-top:104px;padding-bottom:104px\">\n<h2 class=\"wp-block-heading has-text-align-center has-text-color\" style=\"color:#ffffff\"><strong><mark style=\"background-color:rgba(0, 0, 0, 0)\" class=\"has-inline-color has-ast-global-color-5-color\">Didim Metal Al\u0131m\u0131<\/mark><\/strong><\/h2>\n\n\n\n<div class=\"wp-block-buttons alignwide is-horizontal is-content-justification-center is-layout-flex wp-container-core-buttons-is-layout-bba8380a wp-block-buttons-is-layout-flex\" style=\"margin-top:50px\">\n<div class=\"wp-block-button\"><a class=\"wp-block-button__link wp-element-button\"><strong>Bize Ula\u015f\u0131n<\/strong><\/a><\/div>\n<\/div>\n<\/div>\n\n\n\n<p><\/p>\n","protected":false},"excerpt":{"rendered":"<p>Didim Metal Al\u0131m\u0131 olarak, geri d\u00f6n\u00fc\u015f\u00fcm sekt\u00f6r\u00fcnde uzun y\u0131llard\u0131r g\u00fcvenilir hizmet sunuyoruz. Didim ve \u00e7evresindeki t\u00fcm b\u00f6lgelerde her t\u00fcrl\u00fc metal [&hellip;]<\/p>\n","protected":false},"author":1,"featured_media":0,"parent":0,"menu_order":0,"comment_status":"closed","ping_status":"closed","template":"","meta":{"site-sidebar-layout":"no-sidebar","site-content-layout":"plain-container","ast-site-content-layout":"default","site-content-style":"default","site-sidebar-style":"default","ast-global-header-display":"","ast-banner-title-visibility":"","ast-main-header-display":"","ast-hfb-above-header-display":"","ast-hfb-below-header-display":"","ast-hfb-mobile-header-display":"","site-post-title":"disabled","ast-breadcrumbs-content":"","ast-featured-img":"","footer-sml-layout":"","theme-transparent-header-meta":"enabled","adv-header-id-meta":"","stick-header-meta":"","header-above-stick-meta":"","header-main-stick-meta":"","header-below-stick-meta":"","astra-migrate-meta-layouts":"default","ast-page-background-enabled":"default","ast-page-background-meta":{"desktop":{"background-color":"var(--ast-global-color-5)","background-image":"","background-repeat":"repeat","background-position":"center center","background-size":"auto","background-attachment":"scroll","background-type":"","background-media":"","overlay-type":"","overlay-color":"","overlay-opacity":"","overlay-gradient":""},"tablet":{"background-color":"","background-image":"","background-repeat":"repeat","background-position":"center center","background-size":"auto","background-attachment":"scroll","background-type":"","background-media":"","overlay-type":"","overlay-color":"","overlay-opacity":"","overlay-gradient":""},"mobile":{"background-color":"","background-image":"","background-repeat":"repeat","background-position":"center center","background-size":"auto","background-attachment":"scroll","background-type":"","background-media":"","overlay-type":"","overlay-color":"","overlay-opacity":"","overlay-gradient":""}},"ast-content-background-meta":{"desktop":{"background-color":"var(--ast-global-color-4)","background-image":"","background-repeat":"repeat","background-position":"center center","background-size":"auto","background-attachment":"scroll","background-type":"","background-media":"","overlay-type":"","overlay-color":"","overlay-opacity":"","overlay-gradient":""},"tablet":{"background-color":"var(--ast-global-color-4)","background-image":"","background-repeat":"repeat","background-position":"center center","background-size":"auto","background-attachment":"scroll","background-type":"","background-media":"","overlay-type":"","overlay-color":"","overlay-opacity":"","overlay-gradient":""},"mobile":{"background-color":"var(--ast-global-color-4)","background-image":"","background-repeat":"repeat","background-position":"center center","background-size":"auto","background-attachment":"scroll","background-type":"","background-media":"","overlay-type":"","overlay-color":"","overlay-opacity":"","overlay-gradient":""}},"_joinchat":[],"footnotes":""},"class_list":["post-7","page","type-page","status-publish","hentry"],"_links":{"self":[{"href":"https:\/\/didimmetalalimi.com\/index.php\/wp-json\/wp\/v2\/pages\/7","targetHints":{"allow":["GET"]}}],"collection":[{"href":"https:\/\/didimmetalalimi.com\/index.php\/wp-json\/wp\/v2\/pages"}],"about":[{"href":"https:\/\/didimmetalalimi.com\/index.php\/wp-json\/wp\/v2\/types\/page"}],"author":[{"embeddable":true,"href":"https:\/\/didimmetalalimi.com\/index.php\/wp-json\/wp\/v2\/users\/1"}],"replies":[{"embeddable":true,"href":"https:\/\/didimmetalalimi.com\/index.php\/wp-json\/wp\/v2\/comments?post=7"}],"version-history":[{"count":12,"href":"https:\/\/didimmetalalimi.com\/index.php\/wp-json\/wp\/v2\/pages\/7\/revisions"}],"predecessor-version":[{"id":55,"href":"https:\/\/didimmetalalimi.com\/index.php\/wp-json\/wp\/v2\/pages\/7\/revisions\/55"}],"wp:attachment":[{"href":"https:\/\/didimmetalalimi.com\/index.php\/wp-json\/wp\/v2\/media?parent=7"}],"curies":[{"name":"wp","href":"https:\/\/api.w.org\/{rel}","templated":true}]}}